 3, 11, 79
Let c(q) = -6*q**2 - 2 - 2*q**2 - q**3 + 0*q**3. Let u be c(-8). Let s = 15 + u. What are the prime factors of s?
13
Suppose 4*w - 7*w - 2*s = -1331, 0 = -s - 2. Suppose -6*g - 145 = -w. List the prime factors of g.
2, 5
List the prime factors of (37 - 45) + (536 - 0).
2, 3, 11
Let r(c) = -110*c**3 - 3*c**2 - 3*c - 1. Let d = 47 + -48. What are the prime factors of r(d)?
109
Let f(l) be the third derivative of -l**5/60 - 7*l**4/24 - l**3/2 - 10*l**2. List the prime factors of f(-3).
3
Let c be (-24)/(-4) - 4*1. Suppose -p + 63 = f - 1, 0 = -f + c*p + 49. What are the prime factors of f?
59
Suppose 3*r - 1329 = -3*s, 0*s = r - 2*s - 449. What are the prime factors of r?
5, 89
Suppose -4*b = 2*s + 198, -3*b - 46 = -s + 90. Let o(v) = -v**2 + 15*v + 7. Let z be o(19). Let q = b - z. List the prime factors of q.
2, 11
Suppose -138 = 2*i - 7*u + 3*u, 5*i = -5*u - 375. Let w be (2 - (0 - -1)) + i. List the prime factors of ((-2)/(-4))/((-2)/w).
2, 3
Suppose 5600 = 786*b - 778*b. List the prime factors of b.
2, 5, 7
Suppose -3*c = 3*x + 1 + 8, 3*x + 15 = 0. Suppose -10*d = 21 - 61. What are the prime factors of c/d*(4 + 8)?
2, 3
Let o(l) = -l**3 + 3*l**2 - 3*l - 5. Let q be o(-4). Let f = 206 - q. What are the prime factors of f?
3, 29
Let m(l) = -28*l - 4. List the prime factors of m(-3).
2, 5
Let a(m) = 10*m**2 - m + 1. Let p be a(1). Suppose -11 = -t + p. What are the prime factors of t?
3, 7
Suppose -5*g + 2*g - 4*n + 22 = 0, 2*g + 5*n = 24. Suppose g*u = 279 + 101. List the prime factors of u.
2, 5, 19
Suppose -18*c + 857 = -313. Let w = c + 152. List the prime factors of w.
7, 31
Let k(o) = -8*o + 10. Suppose -8*j + 3*j = 55. Let r be k(j). Suppose 20 = -3*y + r. What are the prime factors of y?
2, 13
Suppose 4*r - 4 = 5*r. What are the prime factors of (4 + -6)/(r/254)?
127
Let u(y) = y. Let l be u(-1). Let n(g) be the second derivative of 4*g**4 - g**3/6 + g**2/2 + 3*g + 7. What are the prime factors of n(l)?
2, 5
Let t be -3 + 2 + 56/4. Let g = t - 4. Let d = g + -3. What are the prime factors of d?
2, 3
Let r(o) = o**2 - 15*o + 9. Let u be r(15). Suppose u*s - 12*s + 276 = 0. What are the prime factors of s?
2, 23
Let a(w) = w**2 + w + 2. Let n be a(0). What are the prime factors of 3 + (2 - n) + 129?
2, 3, 11
Let v(m) = 70*m**2 + 2*m - 1. Suppose -5 = 2*n - 7*n, 0 = -5*r - 2*n - 8. What are the prime factors of v(r)?
5, 11
Suppose -4*v + 2*l = -9*v + 80, -2*v = 4*l - 48. Suppose -84 = -v*q + 13*q. What are the prime factors of q?
2, 3, 7
Suppose 1139 = 6*f - 1717. List the prime factors of f.
2, 7, 17
Suppose 0 = -h + 19 + 7. Suppose -h = -2*p + 128. What are the prime factors of p?
7, 11
Suppose -2*p + v - 5*v + 12 = 0, -4*v = -8. Let y = -19 + 39. Suppose -y - 44 = -p*n. What are the prime factors of n?
2
Let u(s) = -s**2 + 15. Let z be (0/(5 - 3))/3. Let t be u(z). List the prime factors of 2/4*(-5 + t).
5
Suppose 2*q + 3*f - 146 = -f, -5*f + 88 = q. Suppose h = -3*p + 98 + q, 3*h = -4*p + 463. What are the prime factors of h?
149
List the prime factors of 12/6*24/16 - -496.
499
Suppose -15 = -u + 4*u. Let d(r) = -26*r - 12. List the prime factors of d(u).
2, 59
Let w be (8/6)/((-14)/(-63)). Suppose -r = -3*r - w. Let j(t) = -t**3 - 2*t**2 - 4*t - 4. List the prime factors of j(r).
17
List the prime factors of -1 + 235 - (-5 - (5 + -9)).
5, 47
Let d(a) be the third derivative of a**5/30 - a**4/24 + 17*a**3/6 - 12*a**2. List the prime factors of d(6).
83
Suppose -8*f = -3*f - 160. Let c = -10 + f. Suppose 0 = -h - 2*d + d + c, 16 = 2*h - 5*d. List the prime factors of h.
2, 3
Let x(o) = 110*o - 18. Let m be x(3). Let a = -185 + m. List the prime factors of a.
127
Suppose -5*p = -w - 2601, p - 2*w = 777 - 255. List the prime factors of p.
2, 5, 13
Let q(x) = -4*x**2 + 2*x + 3. Let j be q(-4). List the prime factors of 260 + j + (0 - 0 - -3).
2, 97
Suppose l - 2653 = -4*s, 13*s - 18*s + 3329 = -3*l. What are the prime factors of s?
2, 83
Let f(v) = v**3 + 16*v**2 + 22*v - 24. Let h be f(-10). Let m = -166 + h. What are the prime factors of m?
2, 5, 19
Let a be 0/((-3 + 6)/(-1)). Let z = -1 + 6. Suppose z*f - 150 = -a*f. What are the prime factors of f?
2, 3, 5
Suppose -624 = 2*c - 2378. What are the prime factors of c?
877
Let t(l) = -16*l - 9. Suppose 0 = -2*a - z - 6, 5*a - 4*z - 13 + 2 = 0. What are the prime factors of t(a)?
7
Let g(d) = -6*d - 240 + 8*d**2 + 6*d**2 + 227. What are the prime factors of g(-3)?
131
Let f(d) = -d**2 + 3*d + 9. Let n be f(5). Let m = n + 22. List the prime factors of m.
3, 7
Suppose -39204 = -229*i + 220*i. List the prime factors of i.
2, 3, 11
Let b(a) = -a**3 - 4*a**2 + 20*a - 9. What are the prime factors of b(-11)?
2, 3, 103
Let g = -815 - -815. Let z = -1 + 0. What are the prime factors of 18 + (-2 + z - g)?
3, 5
Suppose 0*v + 2*v = -2*n + 1220, 5*n = -4*v + 3046. What are the prime factors of n?
2, 3, 101
Let r = -12 + 17. Suppose -r*o - n + 593 = 168, -3*o - 5*n + 233 = 0. List the prime factors of o.
2, 43
Let s = -2258 + 5107. List the prime factors of s.
7, 11, 37
Let s(o) = 5*o**2 + 7*o + 5. Let y(r) = 4*r**2 + 7*r + 4. Let h(i) = 3*s(i) - 4*y(i). Let q be h(-7). What are the prime factors of -1 - (q + -10 + -2)?
2, 3
Let b = 2577 - 1539. List the prime factors of b.
2, 3, 173
Suppose 0 = -4*i - 1 - 15. List the prime factors of (8/(-5))/(i/280).
2, 7
Suppose -5*l - 225 = h, -h - 184 = -2*l + 20. Let v = -75 - h. List the prime factors of -10*(3 + v/(-25)).
2, 3
Let i be (-138)/(-10)*(8 - 3). Suppose i = -2*b - 9. Let a = 68 + b. What are the prime factors of a?
29
Suppose -2169 = -4*u + 815. List the prime factors of u.
2, 373
Let d = 11 + -11. Suppose 0 = -j - 5, c + 2*c + 3*j + 150 = d. What are the prime factors of 2/(2/c)*-1?
3, 5
Suppose 0*s + q + 2357 = 3*s, 0 = -3*s + 3*q + 2349. Suppose 0 = -4*r + b + s, 6*b = -4*r + 5*b + 781. What are the prime factors of r?
2, 7
Let c(f) = 8*f**2 + 1. Let q be c(-1). Let g = q - 16. List the prime factors of (-20)/(-70) - 222/g.
2
Suppose o - 3*q - 869 = 0, -4*q - 474 - 1260 = -2*o. List the prime factors of o.
863
Suppose 0 = -4*y + 4*j + 60, 0*j - 4 = 2*j. Let o be ((129/(-6))/(-1))/(19/38). Suppose 4*n = 3*f - 80, 2*f - 4*n - o = y. What are the prime factors of f?
2, 3
Let w be ((1 - 3) + -2)/2. Let g be (w/8)/(2/(-344)). Suppose 3*s - 3*i = -11 + 140, 0 = -s + 4*i + g. List the prime factors of s.
43
Suppose b = -z + 2000, 3*b - 4404 = z + 1596. List the prime factors of b.
2, 5
What are the prime factors of 32 + -9 + 5 - 2?
2, 13
Suppose -8*g = -7*g - 1. Let o(v) be the first derivative of 3*v**3 - v**2 + 2*v - 12. List the prime factors of o(g).
3
Let u = -1064 + 1269. What are the prime factors of u?
5, 41
Let f = 2098 + -668. List the prime factors of f.
2, 5, 11, 13
Let t = 117 + -112. Let b(d) = d**2 - d. Let c be b(0). Suppose o + 4*o - 2*k = 45, c = 3*o + t*k + 4. List the prime factors of o.
7
List the prime factors of (1 + (-375)/(-20))/((-1)/(-32)).
2, 79
Let q = 1469 - -707. List the prime factors of q.
2, 17
Let u(x) be the first derivative of -12*x**2 + 8*x + 5. Let t be u(-5). Suppose -t = -4*m - 24. List the prime factors of m.
2, 13
Let y(b) = b**3 - 17*b**2 + 22*b - 17. Let o(a) = 16*a**3 - a**2 + 2*a - 1. Let t be o(1). List the prime factors of y(t).
79
Let b(j) = -j**2 - 4*j - 1. Let y(a) = a**2 + 5*a. Let q(f) = -3*b(f) - 2*y(f). Let k be q(-9). Suppose -5*t + 54 = -k. List the prime factors of t.
2, 3
Let u(t) be the third derivative of 3*t**4/4 - t**3/6 - 15*t**2. Suppose -2*b + 0*b + 2 = 0. What are the prime factors of u(b)?
17
Suppose 0 = 3*h - 5*h + 76. Let r be 3 - ((-4 - -2) + h). Let d = r - -91. List the prime factors of d.
2, 29
Suppose 3*f - 30 = -3*f. Let g = 145 + f. What are the prime factors of g?
2, 3, 5
What are the prime factors of ((-759304)/35)/(-13) + 8/(-10)?
2, 3, 139
Suppose -2*x - 3*h + 3551 = 0, 6*h - 5325 = -3*x + 2*h. List the prime factors of x.
7, 11, 23
Let t(y) = 2*y - 8. Let c be t(4). List the prime factors of ((-2)/(-4) - c)*586 - -4.
3, 11
Let l be -1*(-6923)/21 - 1/(-3). Let p = -230 + l. List the prime factors of p.
2, 5
Suppose 26851 - 74283 = -22*v. List the prime factors of v.
2, 7, 11
Let d(j) = j - 10. Let z be d(5). Let u be (z - (-3 - -2))*-17. Suppose -u + 24 = 